remainder when 10 is divided by c(3).
4
Let r(z) = z**3 - z**2 + z - 9. Let m be r(0). Suppose -4*g - 8 = 0, -2 = -3*u - g - g. Calculate the remainder when u is divided by (3/m)/((-1)/6).
0
Suppose 0 = -c + 2*g + 11, 6*c - 3*c - g - 58 = 0. Calculate the remainder when (30/(-9) - -3)*-123 is divided by c.
20
Suppose 5*t + 58 - 263 = 0. What is the remainder when 118 is divided by t?
36
Let l(d) = d + 8. Let m be l(7). Let b(j) = -4*j - 1. Let h be b(-1). What is the remainder when 25 is divided by 3*(m/h - 2)?
7
Let n = -1 - -1. Suppose -3*p + n*p = -63. Let m = -3 + p. What is the remainder when m is divided by 10?
8
Let o = -76 - -145. Let i = o + -13. Suppose -10 = 2*h - i. Calculate the remainder when h is divided by 12.
11
Suppose 4 = 3*a - 2. Suppose 5*c = a*r - 1 - 37, -5*c + 7 = 3*r. Calculate the remainder when 17 is divided by r.
8
Suppose -a = 3*r + 9 - 2, -5*a - 5 = 5*r. Let k = a - -5. Calculate the remainder when k is divided by 3.
1
Let b be 6/(-9)*(-7 - -1). Let i be b/12 + (-16)/3. What is the remainder when (-3 - 3)/(2/i) is divided by 8?
7
Let p(h) = 3*h**2 - 3*h - 2. Let j be p(-1). Let w = j + 13. Calculate the remainder when 67 is divided by w.
16
Suppose 0 = -2*t + 25 + 3. Calculate the remainder when 36 is divided by t.
8
Let w be 4*7 - 0/2. Suppose 10 = y - 1. Let m = w - y. What is the remainder when 49 is divided by m?
15
Let m be (126/36)/(2/4). Let u be (-2)/(1 - -1) - -2. Let o = m - u. What is the remainder when o is divided by 4?
2
Let b be (10 + 0)*(-8)/(-16). Let f = b - 1. Calculate the remainder when f is divided by 2.
0
Suppose 2*y - 39 = -2*l + 5*y, -3*y = 2*l - 9. Let s(a) = -a**3 + a**2 - a + 5. Calculate the remainder when l is divided by s(0).
2
Let q = 95 - 214. Suppose 0 = -5*r - 5*i - 375, -2*r - 2*i - 154 = -i. Let n = r - q. Calculate the remainder when n is divided by 14.
12
Let t = 6 - -1. Let o = 37 - -68. Suppose 5*w = -4*y + 75, 0*y - o = -5*w + 2*y. What is the remainder when w is divided by t?
5
Let q = -112 + 285. Calculate the remainder when q is divided by 44.
41
Let c = 71 - 39. Let z = -37 - -54. What is the remainder when c is divided by z?
15
Let a(u) = 10*u - 1. Calculate the remainder when (-580)/(-8) + (-1)/(-2) is divided by a(2).
16
Calculate the remainder when 62 is divided by 3/((-3)/(-21) + -7 + 7).
20
What is the remainder when 6*4/(-3)*-2 is divided by ((-48)/(-28))/((-4)/(-14))?
4
Suppose l - 10 = 13. What is the remainder when 68 is divided by l?
22
Let h = 9 + 3. Let r = 116 - 82. Calculate the remainder when r is divided by h.
10
Let h(s) = 2*s**2 + 3*s - 5. Suppose -5 = x + 1. What is the remainder when h(x) is divided by 17?
15
Suppose -4*h + 33 = -111. Suppose 13*k - h = 10*k. What is the remainder when 33 is divided by k?
9
Let g = 5 + 2. Calculate the remainder when 18 is divided by g.
4
What is the remainder when 96/(-56)*(-14)/2 is divided by 3?
0
Suppose 9 = 4*i - 0*i + x, -9 = -2*i - 5*x. Suppose -115 + 117 = 2*a. What is the remainder when i is divided by a?
0
Let d be 0 + (47 - -2 - 0). Suppose 0 = 2*u + i - 28, -4*u + 4*i + d = -19. Let p(z) = 8*z**2 - 2*z + 1. What is the remainder when p(2) is divided by u?
14
Suppose j = 4*c + 32, 0*j + j + 24 = -3*c. What is the remainder when 15 is divided by (-92)/(-16) - 2/c?
3
Let g = -31 + 60. What is the remainder when 86 is divided by g?
28
Let a = 0 - -3. Suppose n - 11 = o, 5 = 4*n + a*o - 4. Calculate the remainder when 17 is divided by n.
5
Let h(a) = -2*a**3 - 9*a**2 + 5*a + 11. What is the remainder when 16 is divided by h(-5)?
5
Let a = -77 + 148. Calculate the remainder when a is divided by 12.
11
Let i(o) = -o**3 + 7*o**2 + 9*o - 2. Let l(b) = 18*b**2 - 2*b + 1. Calculate the remainder when l(1) is divided by i(8).
5
Suppose -z + 1 = 4*x, 5*x + 2 = -z + 3. Suppose x = t + t + 50. Let m = 4 - t. Calculate the remainder when m is divided by 10.
9
What is the remainder when (2/4)/((-14)/(-756)) is divided by 10?
7
Let p = 217 + -138. Calculate the remainder when p is divided by 16.
15
Let i(j) = -j + 1. Let d(w) = -w - 2. Calculate the remainder when d(-17) is divided by i(-8).
6
Suppose -96 = 3*k - 12. Let v = 47 + k. Let h = 37 - 1. What is the remainder when h is divided by v?
17
Let f be 130/(-39)*6/(-4). Suppose a = -f*t + 33, 0*t + 42 = 5*t + 4*a. Calculate the remainder when 21 is divided by t.
3
Suppose 0 = -4*s + 3*s + 5. Suppose s*k + 2*c - 17 + 2 = 0, 0 = -4*k + 4*c + 40. Suppose -6 = -k*f + 4. What is the remainder when f is divided by 1?
0
Let h(k) = -k. Let a be h(0). Suppose -2*d = -5*r - 16, a*r = 5*d + 2*r - 98. Let i(w) = -11*w - 1. What is the remainder when d is divided by i(-1)?
8
Suppose -3*h = 4*t - 2*t - 140, 4*h - 5*t - 225 = 0. What is the remainder when h is divided by 27?
23
Let v(k) = 18*k - 2. Let c(t) = -18*t + 1. Let s(x) = 3*c(x) + 2*v(x). What is the remainder when s(-5) is divided by 23?
20
Let s be -1*(4/1)/(-2). What is the remainder when 26 is divided by s/(-8) + 37/4?
8
Let i = 69 - 48. What is the remainder when 59 is divided by i?
17
Let d(r) = r**3 - 10*r**2 - 11*r + 24. Let b(a) = -46*a + 2. What is the remainder when b(-2) is divided by d(11)?
22
Let a be ((-6)/9)/(4/(-30)). Suppose -a*v + 3*s = 0, -2*s + s - 8 = v. Let i = 24 + v. Calculate the remainder when i is divided by 11.
10
Suppose 4*h + 2*v = 0, 5*h + 3 = -0*h - v. Let w = h + 6. Suppose -2*f + 3*f - w*q = 44, 249 = 5*f + 4*q. What is the remainder when f is divided by 13?
10
Let x = 58 + -44. Calculate the remainder when 96 is divided by x.
12
Suppose 2*t - 10 = -2*g, -3*g + 1 = -3*t - 2. Suppose -2*c = -8, 5 = -z + g*c - c. Suppose 13*o - 76 = -11. What is the remainder when o is divided by z?
2
Let r = -6 - -11. Suppose -r*z - n - 4*n + 155 = 0, 3*n - 125 = -4*z. What is the remainder when z is divided by 11?
10
Let h(i) = 2*i**2 + 10*i - 13. Calculate the remainder when h(-7) is divided by 7.
1
Let j be 6/54 - (-89)/9. Suppose 4*c - j = -2*g, -2*g - 4*c = c - 7. Calculate the remainder when 43 is divided by g.
10
Let w(i) = -i**3 + i**2 + 5*i. Calculate the remainder when 185 is divided by w(-3).
17
Let p(l) = -l**3 + 2*l**2 + 4*l - 1. Let v be p(3). Suppose -v*j + 17 = -11. Suppose 0 = d - 14 - 39. What is the remainder when d is divided by j?
11
Let f(w) = -3*w**2 + 15*w + 20. Let v(j) = -j**2 + 5*j + 7. Let n(y) = -4*f(y) + 11*v(y). Calculate the remainder when 7 is divided by n(6).
1
Suppose 0 = 2*k - 4*k + 42. What is the remainder when 80 is divided by k?
17
Let o = 77 - 42. Suppose 4 + 23 = 2*x + t, t = 3. Calculate the remainder when o is divided by x.
11
Suppose -2*z - 5*n = -147, 0 = -5*z - 5*n - 2 + 332. Calculate the remainder when z is divided by 13.
9
Suppose 0*q = -3*q + 15. Suppose 4*x - 114 + 37 = -n, -5*x - q*n = -85. Suppose 2*s - 2*l = 6, -8 = 4*l - 24. What is the remainder when x is divided by s?
6
Let d(x) = 6 + x + 6 - 5 + 0. Let c be d(-3). Suppose c*q - 14 = -6. What is the remainder when q is divided by 1?
0
Let d = -6 - -8. Suppose -39 = -d*z - z. Let h(u) = -u**3 - u**2 + 5. What is the remainder when z is divided by h(0)?
3
Let t = 0 - -2. Suppose -t*k = 3*k - 85. What is the remainder when k is divided by 10?
7
Suppose -4*t = -3*t. Suppose 0 = -2*v - t*v. Suppose -3*w = -v*w - 42. Calculate the remainder when 40 is divided by w.
12
Suppose 0 = -6*w + 2*w + 80. Suppose 0 = -4*y - 5*i + w, -4*y + 38 = -i - 6. What is the remainder when 38 is divided by y?
8
What is the remainder when 7/((-21)/(-36)) - -1 is divided by 8?
5
Suppose -2*k = -3*k. Suppose 5*i - 10 - 10 = k. Suppose -i*f = -0*f - 84. Calculate the remainder when 40 is divided by f.
19
Calculate the remainder when 118 is divided by (-6)/6*2/((-2)/17).
16
Let j be -6*1/(-4)*2. Suppose 21 = g + 4*m + m, -j*g - 5*m + 63 = 0. Calculate the remainder when g is divided by 6.
3
Let x = -79 + 117. Let g(i) = 3*i - 2. Calculate the remainder when x is divided by g(5).
12
Suppose 4 + 5 = y. Suppose 5*z = 2*z + y. Suppose 0 = -z*i + 36 + 45. What is the remainder when i is divided by 14?
13
Suppose 4*p = 29 + 43. Let g = p - -2. Calculate the remainder when g is divided by 7.
6
Let w = 17 + -8. Suppose -2*i - w = 5*y, -2*i = 2*i - 5*y + 63. Calculate the remainder when 34 is divided by (0 - i) + (1 - 1).
10
Let k(h) 